{"id":16,"date":"2019-01-25T15:23:13","date_gmt":"2019-01-25T14:23:13","guid":{"rendered":"https:\/\/cosi.fr\/progbloc\/?page_id=16"},"modified":"2023-05-31T11:42:38","modified_gmt":"2023-05-31T09:42:38","slug":"a-propos","status":"publish","type":"page","link":"https:\/\/www.cosi.fr\/progbloc\/a-propos\/","title":{"rendered":"\u00c0 propos"},"content":{"rendered":"\n<p> Apr\u00e8s des \u00e9tudes de philosophie, Dominique Maniez s\u2019est reconverti dans l\u2019informatique. Auteur de nombreux ouvrages de vulgarisation, il s\u2019est fait une sp\u00e9cialit\u00e9 de l\u2019apprentissage de la programmation \u00e0 des grands d\u00e9butants et \u00e0 des publics non scientifiques. Il a enseign\u00e9 les nouvelles technologies \u00e0 l\u2019Universit\u00e9 de Lyon \u00e0 des \u00e9tudiants de sciences humaines pendant une trentaine d&rsquo;ann\u00e9es. De 2016 \u00e0 2022, il a appris les bases de l&rsquo;algorithmique avec Blockly \u00e0 des \u00e9tudiants en licence d&rsquo;information-communication.<\/p>\n\n\n\n<p>Aujourd&rsquo;hui, il se consacre uniquement \u00e0 l&rsquo;\u00e9criture et \u00e0 la traduction d&rsquo;ouvrages d&rsquo;informatique.<\/p>\n\n\n\n<p>Pour avoir un aper\u00e7u des publications de Dominique Maniez, vous pouvez consulter le catalogue du Syst\u00e8me Universitaire de Documentation :<\/p>\n\n\n\n<p><a rel=\"noreferrer noopener\" aria-label=\" (s\u2019ouvre dans un nouvel onglet)\" href=\"http:\/\/www.sudoc.abes.fr\/\/DB=2.1\/SET=2\/TTL=1\/CMD?ACT=SRCHA&amp;IKT=1004&amp;SRT=YOP&amp;TRM=MANIEZ+DOMINIQUE\" target=\"_blank\">http:\/\/www.sudoc.abes.fr\/\/DB=2.1\/SET=2\/TTL=1\/CMD?ACT=SRCHA&amp;IKT=1004&amp;SRT=YOP&amp;TRM=MANIEZ+DOMINIQUE<\/a><\/p>\n\n\n\n<p>Pour contacter l&rsquo;auteur de ces pages, vous pouvez \u00e9crire aux initiales du pr\u00e9nom et du nom chez le nom de domaine&#8230;<\/p>\n","protected":false},"excerpt":{"rendered":"<p>Apr\u00e8s des \u00e9tudes de philosophie, Dominique Maniez s\u2019est reconverti dans l\u2019informatique. Auteur de nombreux ouvrages de vulgarisation, il s\u2019est fait une sp\u00e9cialit\u00e9 de l\u2019apprentissage de la programmation \u00e0 des grands d\u00e9butants et \u00e0 des publics non scientifiques. Il a enseign\u00e9 les nouvelles technologies \u00e0 l\u2019Universit\u00e9 de Lyon \u00e0 des \u00e9tudiants de sciences humaines pendant une &hellip; <\/p>\n<p class=\"link-more\"><a href=\"https:\/\/www.cosi.fr\/progbloc\/a-propos\/\" class=\"more-link\">Continuer la lecture<span class=\"screen-reader-text\"> de &laquo;&nbsp;\u00c0 propos&nbsp;&raquo;<\/span><\/a><\/p>\n","protected":false},"author":1,"featured_media":0,"parent":0,"menu_order":0,"comment_status":"closed","ping_status":"closed","template":"","meta":{"_monsterinsights_skip_tracking":false,"_monsterinsights_sitenote_active":false,"_monsterinsights_sitenote_note":"","_monsterinsights_sitenote_category":0,"footnotes":""},"class_list":["post-16","page","type-page","status-publish","hentry"],"yoast_head":"<!-- This site is optimized with the Yoast SEO plugin v27.4 - https:\/\/yoast.com\/product\/yoast-seo-wordpress\/ -->\n<title>\u00c0 propos - Programmation par blocs<\/title>\n<meta name=\"robots\" content=\"index, follow, max-snippet:-1, max-image-preview:large, max-video-preview:-1\" \/>\n<link rel=\"canonical\" href=\"https:\/\/www.cosi.fr\/progbloc\/a-propos\/\" \/>\n<meta property=\"og:locale\" content=\"fr_FR\" \/>\n<meta property=\"og:type\" content=\"article\" \/>\n<meta property=\"og:title\" content=\"\u00c0 propos - Programmation par blocs\" \/>\n<meta property=\"og:description\" content=\"Apr\u00e8s des \u00e9tudes de philosophie, Dominique Maniez s\u2019est reconverti dans l\u2019informatique. Auteur de nombreux ouvrages de vulgarisation, il s\u2019est fait une sp\u00e9cialit\u00e9 de l\u2019apprentissage de la programmation \u00e0 des grands d\u00e9butants et \u00e0 des publics non scientifiques. Il a enseign\u00e9 les nouvelles technologies \u00e0 l\u2019Universit\u00e9 de Lyon \u00e0 des \u00e9tudiants de sciences humaines pendant une &hellip; Continuer la lecture de &laquo;&nbsp;\u00c0 propos&nbsp;&raquo;\" \/>\n<meta property=\"og:url\" content=\"https:\/\/www.cosi.fr\/progbloc\/a-propos\/\" \/>\n<meta property=\"og:site_name\" content=\"Programmation par blocs\" \/>\n<meta property=\"article:modified_time\" content=\"2023-05-31T09:42:38+00:00\" \/>\n<meta name=\"twitter:card\" content=\"summary_large_image\" \/>\n<meta name=\"twitter:label1\" content=\"Dur\u00e9e de lecture estim\u00e9e\" \/>\n\t<meta name=\"twitter:data1\" content=\"1 minute\" \/>\n<script type=\"application\/ld+json\" class=\"yoast-schema-graph\">{\"@context\":\"https:\\\/\\\/schema.org\",\"@graph\":[{\"@type\":\"WebPage\",\"@id\":\"https:\\\/\\\/www.cosi.fr\\\/progbloc\\\/a-propos\\\/\",\"url\":\"https:\\\/\\\/www.cosi.fr\\\/progbloc\\\/a-propos\\\/\",\"name\":\"\u00c0 propos - Programmation par blocs\",\"isPartOf\":{\"@id\":\"https:\\\/\\\/www.cosi.fr\\\/progbloc\\\/#website\"},\"datePublished\":\"2019-01-25T14:23:13+00:00\",\"dateModified\":\"2023-05-31T09:42:38+00:00\",\"breadcrumb\":{\"@id\":\"https:\\\/\\\/www.cosi.fr\\\/progbloc\\\/a-propos\\\/#breadcrumb\"},\"inLanguage\":\"fr-FR\",\"potentialAction\":[{\"@type\":\"ReadAction\",\"target\":[\"https:\\\/\\\/www.cosi.fr\\\/progbloc\\\/a-propos\\\/\"]}]},{\"@type\":\"BreadcrumbList\",\"@id\":\"https:\\\/\\\/www.cosi.fr\\\/progbloc\\\/a-propos\\\/#breadcrumb\",\"itemListElement\":[{\"@type\":\"ListItem\",\"position\":1,\"name\":\"Accueil\",\"item\":\"https:\\\/\\\/www.cosi.fr\\\/progbloc\\\/\"},{\"@type\":\"ListItem\",\"position\":2,\"name\":\"\u00c0 propos\"}]},{\"@type\":\"WebSite\",\"@id\":\"https:\\\/\\\/www.cosi.fr\\\/progbloc\\\/#website\",\"url\":\"https:\\\/\\\/www.cosi.fr\\\/progbloc\\\/\",\"name\":\"Programmation par blocs\",\"description\":\"La programmation pour tous\",\"publisher\":{\"@id\":\"https:\\\/\\\/www.cosi.fr\\\/progbloc\\\/#organization\"},\"potentialAction\":[{\"@type\":\"SearchAction\",\"target\":{\"@type\":\"EntryPoint\",\"urlTemplate\":\"https:\\\/\\\/www.cosi.fr\\\/progbloc\\\/?s={search_term_string}\"},\"query-input\":{\"@type\":\"PropertyValueSpecification\",\"valueRequired\":true,\"valueName\":\"search_term_string\"}}],\"inLanguage\":\"fr-FR\"},{\"@type\":\"Organization\",\"@id\":\"https:\\\/\\\/www.cosi.fr\\\/progbloc\\\/#organization\",\"name\":\"Progblog\",\"url\":\"https:\\\/\\\/www.cosi.fr\\\/progbloc\\\/\",\"logo\":{\"@type\":\"ImageObject\",\"inLanguage\":\"fr-FR\",\"@id\":\"https:\\\/\\\/www.cosi.fr\\\/progbloc\\\/#\\\/schema\\\/logo\\\/image\\\/\",\"url\":\"https:\\\/\\\/www.cosi.fr\\\/progbloc\\\/wp-content\\\/uploads\\\/2019\\\/01\\\/cropped-logo-blockly-3.png\",\"contentUrl\":\"https:\\\/\\\/www.cosi.fr\\\/progbloc\\\/wp-content\\\/uploads\\\/2019\\\/01\\\/cropped-logo-blockly-3.png\",\"width\":250,\"height\":250,\"caption\":\"Progblog\"},\"image\":{\"@id\":\"https:\\\/\\\/www.cosi.fr\\\/progbloc\\\/#\\\/schema\\\/logo\\\/image\\\/\"}}]}<\/script>\n<!-- \/ Yoast SEO plugin. -->","yoast_head_json":{"title":"\u00c0 propos - Programmation par blocs","robots":{"index":"index","follow":"follow","max-snippet":"max-snippet:-1","max-image-preview":"max-image-preview:large","max-video-preview":"max-video-preview:-1"},"canonical":"https:\/\/www.cosi.fr\/progbloc\/a-propos\/","og_locale":"fr_FR","og_type":"article","og_title":"\u00c0 propos - Programmation par blocs","og_description":"Apr\u00e8s des \u00e9tudes de philosophie, Dominique Maniez s\u2019est reconverti dans l\u2019informatique. Auteur de nombreux ouvrages de vulgarisation, il s\u2019est fait une sp\u00e9cialit\u00e9 de l\u2019apprentissage de la programmation \u00e0 des grands d\u00e9butants et \u00e0 des publics non scientifiques. Il a enseign\u00e9 les nouvelles technologies \u00e0 l\u2019Universit\u00e9 de Lyon \u00e0 des \u00e9tudiants de sciences humaines pendant une &hellip; Continuer la lecture de &laquo;&nbsp;\u00c0 propos&nbsp;&raquo;","og_url":"https:\/\/www.cosi.fr\/progbloc\/a-propos\/","og_site_name":"Programmation par blocs","article_modified_time":"2023-05-31T09:42:38+00:00","twitter_card":"summary_large_image","twitter_misc":{"Dur\u00e9e de lecture estim\u00e9e":"1 minute"},"schema":{"@context":"https:\/\/schema.org","@graph":[{"@type":"WebPage","@id":"https:\/\/www.cosi.fr\/progbloc\/a-propos\/","url":"https:\/\/www.cosi.fr\/progbloc\/a-propos\/","name":"\u00c0 propos - Programmation par blocs","isPartOf":{"@id":"https:\/\/www.cosi.fr\/progbloc\/#website"},"datePublished":"2019-01-25T14:23:13+00:00","dateModified":"2023-05-31T09:42:38+00:00","breadcrumb":{"@id":"https:\/\/www.cosi.fr\/progbloc\/a-propos\/#breadcrumb"},"inLanguage":"fr-FR","potentialAction":[{"@type":"ReadAction","target":["https:\/\/www.cosi.fr\/progbloc\/a-propos\/"]}]},{"@type":"BreadcrumbList","@id":"https:\/\/www.cosi.fr\/progbloc\/a-propos\/#breadcrumb","itemListElement":[{"@type":"ListItem","position":1,"name":"Accueil","item":"https:\/\/www.cosi.fr\/progbloc\/"},{"@type":"ListItem","position":2,"name":"\u00c0 propos"}]},{"@type":"WebSite","@id":"https:\/\/www.cosi.fr\/progbloc\/#website","url":"https:\/\/www.cosi.fr\/progbloc\/","name":"Programmation par blocs","description":"La programmation pour tous","publisher":{"@id":"https:\/\/www.cosi.fr\/progbloc\/#organization"},"potentialAction":[{"@type":"SearchAction","target":{"@type":"EntryPoint","urlTemplate":"https:\/\/www.cosi.fr\/progbloc\/?s={search_term_string}"},"query-input":{"@type":"PropertyValueSpecification","valueRequired":true,"valueName":"search_term_string"}}],"inLanguage":"fr-FR"},{"@type":"Organization","@id":"https:\/\/www.cosi.fr\/progbloc\/#organization","name":"Progblog","url":"https:\/\/www.cosi.fr\/progbloc\/","logo":{"@type":"ImageObject","inLanguage":"fr-FR","@id":"https:\/\/www.cosi.fr\/progbloc\/#\/schema\/logo\/image\/","url":"https:\/\/www.cosi.fr\/progbloc\/wp-content\/uploads\/2019\/01\/cropped-logo-blockly-3.png","contentUrl":"https:\/\/www.cosi.fr\/progbloc\/wp-content\/uploads\/2019\/01\/cropped-logo-blockly-3.png","width":250,"height":250,"caption":"Progblog"},"image":{"@id":"https:\/\/www.cosi.fr\/progbloc\/#\/schema\/logo\/image\/"}}]}},"_links":{"self":[{"href":"https:\/\/www.cosi.fr\/progbloc\/wp-json\/wp\/v2\/pages\/16","targetHints":{"allow":["GET"]}}],"collection":[{"href":"https:\/\/www.cosi.fr\/progbloc\/wp-json\/wp\/v2\/pages"}],"about":[{"href":"https:\/\/www.cosi.fr\/progbloc\/wp-json\/wp\/v2\/types\/page"}],"author":[{"embeddable":true,"href":"https:\/\/www.cosi.fr\/progbloc\/wp-json\/wp\/v2\/users\/1"}],"replies":[{"embeddable":true,"href":"https:\/\/www.cosi.fr\/progbloc\/wp-json\/wp\/v2\/comments?post=16"}],"version-history":[{"count":5,"href":"https:\/\/www.cosi.fr\/progbloc\/wp-json\/wp\/v2\/pages\/16\/revisions"}],"predecessor-version":[{"id":214,"href":"https:\/\/www.cosi.fr\/progbloc\/wp-json\/wp\/v2\/pages\/16\/revisions\/214"}],"wp:attachment":[{"href":"https:\/\/www.cosi.fr\/progbloc\/wp-json\/wp\/v2\/media?parent=16"}],"curies":[{"name":"wp","href":"https:\/\/api.w.org\/{rel}","templated":true}]}}